6*g. Suppose 2*k + 2*k + 16 = g. Calculate h(k).
5
Let p(k) = k + 1. Let h(c) = 4*c + 2. Let w(d) = -h(d) + 3*p(d). Let b(m) = m**3 + 6*m**2 - 2*m - 7. Let o be b(-6). Give w(o).
-4
Let m(r) = -r**2 - 5*r + 1. Let b be m(-5). Suppose 2*w - b = 5. Let t(f) = f**3 - f**2 - 4*f - 1. Calculate t(w).
5
Let z(a) = 41*a**2 - 17*a - 3. Let s(c) = -14*c**2 + 6*c + 1. Let j(i) = 17*s(i) + 6*z(i). Calculate j(1).
7
Let p(v) = -6*v**3. Let o be (3 - 2)*(3 - 5). Let d(w) = 4*w + 3*w**2 - 4 - w**3 + 7 - w**2 - 3*w**2. Let r be d(o). Determine p(r).
6
Let y(c) = -6*c**2 + c. Let w = -11 - -12. What is y(w)?
-5
Let m(j) = j - 8. Suppose -2*y - 3*y + 22 = 2*a, 0 = 4*y + 2*a - 16. Calculate m(y).
-2
Let b(g) = g - 3. Suppose 7 = 6*q - 47. Give b(q).
6
Suppose 0 = 28*y + 72 - 16. Let z(d) be the first derivative of -4*d**2 - 3*d - 1. Determine z(y).
13
Let i(a) = -a**3 - 4*a**2 - 2*a + 3. Suppose -2*q + 34 = k, 2*k + 22 = 2*q - 0*k. Let g = -2 + 3. Let x be q/(-6) - g/2. Calculate i(x).
0
Let q(s) = -s + 1. Suppose 0*f - 10 = 5*f. What is q(f)?
3
Let p be (0 - (2 + 2))*-1. Let a be 3/p - 15/20. Let r(k) = k**3 + k**2 - 2. Give r(a).
-2
Let y(z) = 3*z - 1. Let h(b) = 3*b - 1. Let q(w) = 6*h(w) - 5*y(w). Let n be (6/5)/((-4)/(-10)). Suppose 3*x + 3 + n = 0. What is q(x)?
-7
Let c(u) be the first derivative of -1/4*u**4 + 3 + 4/3*u**3 + 3*u**2 + 6*u. Determine c(5).
11
Let s(m) be the second derivative of m**4/12 - m**2/2 - 5*m. Calculate s(3).
8
Suppose -3*u - 6 - 6 = 0. Let r(k) = -k**2 + 5*k + 8. Let y be r(6). Let q(f) = -4*f + 4*f + y*f. Calculate q(u).
-8
Suppose 0 = c - 3 - 0. Let g(t) = t**2 - t - 4. Let y be g(c). Let s(x) = y - 2 - 5*x**2. Give s(1).
-5
Let m(t) = 8 + 0 + 0 + 81*t - 82*t. Calculate m(7).
1
Suppose 5*c + 2*r + 1 = 37, -10 = 5*r. Suppose 3*a - 4*b + c = -a, 2*b - 4 = -4*a. Let j(k) = 2 - k - 4*k + a + k**2. Calculate j(3).
-4
Let a = -4 + 4. Let j(g) = 14*g**2 + 20. Let l(k) = 5*k**2 + 7. Let c(h) = -6*j(h) + 17*l(h). What is c(a)?
-1
Let v(s) = s + s**2 + 15 - s**2 - 13 + s**3. Calculate v(0).
2
Let n = 72 + -63. Let a(p) = p**2 - 10*p + 3. What is a(n)?
-6
Let n(o) = -o**2 - 7*o - 4. Let f(y) = -y**2 + 12*y + 18. Let d be f(14). Let j = 3 + d. Determine n(j).
-4
Let t(g) be the second derivative of -5/2*g**2 - 2*g + 5/6*g**3 + 0. Let n(z) = z - 1. Let j(c) = -3*n(c) + t(c). What is j(2)?
2
Let l = -6 - -4. Let h(p) = -p**3 - p**2 + p. Let g be h(l). Let a(y) = g - 2*y + 1 - y. Give a(3).
-6
Suppose 0 = -s + 5*s + 4*h, -5*s + h - 30 = 0. Let p(a) be the second derivative of a**3/6 + 5*a**2/2 + 2*a. Give p(s).
0
Let s = 6 - 4. Suppose 0 = 4*o + i - 15, 4*o - 3 = o + s*i. Let m(a) = 2*a + 3*a**2 - 3*a**3 + 2*a**o + 0*a**2. Determine m(4).
-8
Suppose -37 + 1 = -2*r - 4*s, 3*r - 54 = -s. Suppose -v - r = 3*a, -5*v - a = 10 + 10. Let j(d) = 3*d + 1. Determine j(v).
-8
Let r be 0*-1*(-3)/(-3). Let f(g) = 1 - g**2 - g**3 - 3 + 2*g**2 + g + 3. What is f(r)?
1
Let a(s) = 3 - 3*s - 4 + 5. Give a(5).
-11
Let a be 2/4 - 21/(-6). Suppose 24 = -a*b - j, -3*b + 5*b + j = -14. Let p(g) = 265 + 258 + g**2 + g - 529 + 4*g. Calculate p(b).
-6
Let q(w) = -w**3 - 4*w**2 + 4. Suppose -4*o + 0 - 12 = 0. Let z be -1 + -1*o/(-1). Calculate q(z).
4
Suppose 5*d = -4*w - 4, -4*w + 5*d + 36 = -0*w. Let p be 37/7 + w/(-14). Let y(h) = -2*h + 4. Give y(p).
-6
Let s(y) be the second derivative of -y**5/20 + 5*y**4/12 - y**3 + y**2 - y. Suppose -2*b = -3*b - 4*h + 1, -3*h = -4*b + 4. Let u be b/(-1) + 7 - 2. Give s(u).
-6
Let s(b) = -b + 4. Let k = -30 + 26. Calculate s(k).
8
Let p(i) = 5*i**3 + 5*i**2 - 2*i - 3. Let y(q) = -1. Let j(v) = -v**2 + 6. Let a(m) = j(m) + 5*y(m). Let r(k) = -4*a(k) - p(k). Give r(1).
-5
Let r(f) = f - 1. Let w = -32 + 28. Determine r(w).
-5
Let n(o) = -o**3 - 3*o**2 + o - 1. Suppose 4*j + a = -22 + 5, j - 2 = a. Give n(j).
-4
Let r(w) = -w**2 - w + 1. Let k(q) = q**2 - 6*q - 5. Let m(v) = 7*v**2. Let d be m(-1). Let z be k(d). Calculate r(z).
-5
Suppose 1 = -2*f + 5. Let j(q) = -3*q - 1 + f + q + q. Let u(t) = 5*t - 1. Let p(d) = -2*j(d) - u(d). Calculate p(2).
-7
Let x(p) = 4*p**2 + 10*p - 3. Let r(h) = h**2 - 1. Let v(a) = 6*r(a) - x(a). Calculate v(5).
-3
Let g(h) = h**3 + 94*h - 98*h - 3*h**2 + 5*h**2 - 2. Let d = -6 - -3. Calculate g(d).
1
Let s(y) be the second derivative of -y**5/20 - y**4/12 + 3*y**2/2 + 5*y. What is s(0)?
3
Let a(n) be the second derivative of 0*n**2 + 1/120*n**5 - 1/3*n**3 + 1/360*n**6 + 0*n**4 + 0 + n. Let k(v) be the second derivative of a(v). Give k(0).
0
Suppose -35 = 5*m + 5*c, -5*c + 17 = 4*m + 47. Let h be 8/(-10)*m/2. Let k(n) = 4*n + 2. What is k(h)?
10
Let s(o) = o**2 - o - 3. Let z = -10 - -16. Suppose -4*y = -z*y + 18. Suppose -3*f - 9 = r + y, 4*f = 3*r - 11. Give s(r).
9
Let q(u) = 2*u - 5. Suppose -w = 4 - 9. Calculate q(w).
5
Let f(x) = x**2 - 7*x + 4. Let m(c) = 3 + 8*c - 2*c + 2 - c**2 + 2*c. Let o be m(8). What is f(o)?
-6
Suppose -4*r = r - 15. Suppose -s + 6 = -r*s. Let k(d) = d - 1. Give k(s).
-4
Let n = -2 + 1. Let d = n + 3. Suppose a - d - 1 = 0. Let f(y) = -y**2 + 5*y - 2. Calculate f(a).
4
Let r be ((1 - -2) + -4)*-2. Let x(w) = -2*w**r + 3 - 3 - w + 2*w + w**3. Calculate x(2).
2
Let u(y) be the third derivative of y**6/120 + y**5/60 - y**4/24 + 4*y**3/3 - 13*y**2. Calculate u(0).
8
Let p(v) be the second derivative of v**3/6 - v**2/2 + 25*v. What is p(-1)?
-2
Let v(i) be the first derivative of i**2/2 + 5*i + 54. What is v(-6)?
-1
Let s(t) = t**2 - 7*t - 9. Let q(f) = 2*f**2 - 14*f - 19. Let k(z) = 6*q(z) - 13*s(z). What is k(7)?
3
Let w be 83/9 - 4/18. Let t(g) = -g**3 - 5*g**2 + 7*g + 9. Let z(k) = -k**3 - 2*k**2 + 3*k + 4. Let h(r) = w*z(r) - 4*t(r). What is h(1)?
-4
Let t be -4*(-1 + 6)/5. Let b(j) = 7*j**3 + 4*j**2 - 2*j + 5. Let i(k) = -20*k**3 - 12*k**2 + 6*k - 14. Let r(u) = -17*b(u) - 6*i(u). Determine r(t).
7
Let q(p) = p**2 - 1. Let z(w) = -w**2 - 2. Let k(v) = -2*q(v) + z(v). Calculate k(-1).
-3
Let v(h) = -h**2 - h - 8. Let n(l) = -l**2 - 9. Let m(t) = 5*n(t) - 6*v(t). Determine m(-4).
-5
Let x be ((-42)/49)/((-2)/(-14)). Let d = -4 - x. Suppose 4*f + 1 - d = -j, 5*f + 5 = 0. Let h(b) = b + 4. Give h(j).
9
Let f(p) = -5*p - 5*p**3 + 8 + 0*p - 7*p**2 + 4*p**3. Suppose 21 = -4*x - 3. Determine f(x).
2
Let q(y) be the second derivative of 0 + 0*y**2 + 1/8*y**4 + 1/2*y**3 + 1/120*y**5 + 3*y. Let w(l) be the second derivative of q(l). Calculate w(-4).
-1
Let h(r) = -2*r**2 - 4*r - 13 + 0*r + 14. What is h(-3)?
-5
Let d be (-1)/((-2)/(-6)*3). Let l(y) = 6*y**2 + 2*y + 1. Give l(d).
5
Suppose 8*x = 5*x + 6. Let a(r) = -7*r + 1 - 23*r**2 + 3 + 24*r**2 + x. What is a(5)?
-4
Let i(d) = -d**3 + d**2 - 2*d + 1. Let s = -4 - -4. Suppose 0 = 2*c - 4*p, s = -5*c + 3*p + 2 + 5. Determine i(c).
-7
Let o(d) = -5*d**3 + d**2 - 4*d + 1. Let t(f) = -14*f**3 + 2*f**2 - 12*f + 3. Let h(q) = 11*o(q) - 4*t(q). Determine h(-3).
-13
Let j be (12/10)/(46/(-20) - -2). Let g(p) = -1 - p + 0*p - p**2 - 2*p. Calculate g(j).
-5
Let o(a) = a**3 - a - 2. Let n be -2*((-63)/(-6))/(-3). Let d(t) = 16*t + 1. Let s be d(1). Suppose 5*f - s = 2*w + n, 4*w - 4*f = -24. Give o(w).
-8
Let t(c) = c - 6. Let h(k) = k + 4. Let q be h(6). Give t(q).
4
Let i(m) be the third derivative of -m**4/24 + m**3/6 - 2*m**2. Let p be i(7). Let r be (4 - 1)*(-2)/p. Let n(v) = -7*v**3 + v**2 + v - 1. Calculate n(r).
-6
Suppose -l - 13 + 56 = 0. Let r = -23 + l. Suppose 0 = -3*u + 4*x + r, 4*u + x - 17 = -3. Let b(n) = -n**2 + 3*n - 2. Give b(u).
-6
Let d(w) be the third derivative of -w**5/60 + w**4/8 + w**3/2 - 18*w**2. Calculate d(4).
-1
Suppose -2*p + 8*g - 14 = 3*g, 2*g = -p + 11. Let j(x) = -1 - p*x**2 + 0*x**3 + 6*x**2 - x**3. What is j(2)?
3
Let d(m) be the third derivative of -1/24*m**4 - 5/3*m**3 + 5*m**2 + 1/60*m**5 + 0 + 0*m. Give d(0).
-10
Let a(i) = i**2 - 4*i - 7. Suppose l = -3*l + 24. Let j be a(l). Let t(q) = q**2 - 5*q. Calculate t(j).
0
Let m(o) = o**2 + o + 6. Suppose 0 = -3*p - p. Suppose x - 2*x = p. Give m(x).
6
Let g(j) = -j**3 + 4*j**2 + j - 1. Suppose 3*y + 5*o + 6 = -2, 5*y - 32 = 3*o. Determine g(y).
3
Let u(z) = -2*z. Let q = 21 - 40. Let d = -28 - q. Let l be -6*((-3)/d + -1). Calculate u(l).
-8
Let n(y) be the second derivative of -5*y**3/6 + 3*y**2/2 + 42*y. Give n(2).
-7
Let w(u) = 6*u - 63. Let h(